{"id":4387,"date":"2020-02-04T10:25:06","date_gmt":"2020-02-04T07:25:06","guid":{"rendered":"https:\/\/www.innovamedikal.com.tr\/yeni\/?page_id=4387"},"modified":"2020-02-06T17:10:36","modified_gmt":"2020-02-06T14:10:36","slug":"misyon-ve-vizyon","status":"publish","type":"page","link":"https:\/\/www.innovamedikal.com.tr\/yeni\/misyon-ve-vizyon","title":{"rendered":"Misyon ve Vizyon"},"content":{"rendered":"<p>[vc_row row_content_width=&#8221;grid&#8221; css=&#8221;.vc_custom_1580799990707{padding-top: 60px !important;padding-bottom: 60px !important;}&#8221;][vc_column width=&#8221;1\/4&#8243; offset=&#8221;vc_hidden-sm vc_hidden-xs&#8221;][vc_column_text]<\/p>\n<div style=\"background-color: #074c6f; font-size: 25px; padding: 10px; color: #fff;\">\u0130nnova Medikal<\/div>\n<div style=\"background-color: #dae7ef; padding: 10px; font-weight: 400;\"><a href=\"https:\/\/www.innovamedikal.com.tr\/yeni\/hakkimizda\"> Hakk\u0131m\u0131zda<\/a><br \/>\n<a href=\"https:\/\/www.innovamedikal.com.tr\/yeni\/misyon-ve-vizyon\">Misyon ve Vizyon<\/a><br \/>\n<a href=\"https:\/\/www.innovamedikal.com.tr\/yeni\/markalar\">Markalar<\/a><br \/>\n<a href=\"https:\/\/www.innovamedikal.com.tr\/yeni\/insan-kaynaklari\">\u0130nsan Kaynaklar\u0131<\/a><\/div>\n<p>[\/vc_column_text][vc_column_text]<\/p>\n<div style=\"background-color: #074c6f; font-size: 25px; padding: 10px; color: #fff;\">Teknik Servis<\/div>\n<div style=\"background-color: #dae7ef; padding: 10px; font-weight: 400;\"><a href=\"https:\/\/www.innovamedikal.com.tr\/yeni\/teknik-servis\"> Teknik Servis<\/a><br \/>\n<a href=\"https:\/\/www.innovamedikal.com.tr\/yeni\/garanti\">Garanti<\/a><\/div>\n<p>[\/vc_column_text][vc_column_text]<\/p>\n<div style=\"background-color: #074c6f; font-size: 25px; padding: 10px; color: #fff;\">S\u0131k Sorulan Sorular<\/div>\n<div style=\"background-color: #dae7ef; padding: 10px; font-weight: 400;\"><a href=\"https:\/\/www.innovamedikal.com.tr\/yeni\/sik-sorulan-sorular\"> S\u0131k Sorulan Sorular<\/a><\/div>\n<p>[\/vc_column_text][\/vc_column][vc_column width=&#8221;3\/4&#8243;][vc_column_text]Kuruldu\u011fu g\u00fcnden bu yana medikal teknoloji d\u00fcnyas\u0131ndaki yenilikleri, d\u00fcnyayla e\u015f zamanl\u0131 olarak T\u00fcrkiye\u2019ye getiren\u00a0<strong>\u0130nnova Medikal<\/strong>\u2019in \u00e7al\u0131\u015fmalar\u0131 bu y\u00f6nde devam etmektedir.<\/p>\n<p>Temel sorumluluklar\u0131 yerine getirmek, m\u00fc\u015fterilerine yenilik\u00e7i teknoloji ve \u00fcr\u00fcnleri sunmak, \u00fcr\u00fcn \u00e7e\u015fitlili\u011fini ve hizmetlerinin kalitesini art\u0131rmak, g\u00fc\u00e7l\u00fc marka ve \u015firket pozisyonunu korumak, ana hedefleri aras\u0131ndad\u0131r.<\/p>\n<p>Bu hedefleri ger\u00e7ekle\u015ftirirken;<\/p>\n<ul>\n<li>Kalite y\u00f6netim sisteminin etkinli\u011fini ve s\u00fcrekli iyile\u015ftirmeyi sa\u011flamay\u0131,<\/li>\n<li>Ulusal ve uluslararas\u0131 ilgili standartlara uymay\u0131 ve yenilikleri ara\u015ft\u0131rmay\u0131,<\/li>\n<li>Hizmet kalitesinden taviz vermemeyi, verimlili\u011fi ve rekabet g\u00fcc\u00fcm\u00fcz\u00fc y\u00fckseltmeyi,<\/li>\n<li>M\u00fc\u015fterilerimizin ve \u00e7al\u0131\u015fanlar\u0131m\u0131z\u0131n memnuniyetini sa\u011flamay\u0131,<\/li>\n<li>Tedarik\u00e7ilerimizle i\u015fbirli\u011fi yapmay\u0131,<\/li>\n<\/ul>\n<p>g\u00f6revimiz olarak kabul etmekteyiz.<\/p>\n<p>En iyi personeli ve yeti\u015fkin insan g\u00fcc\u00fcn\u00fc kurulu\u015fumuz\u2019a \u00e7ekmek ve istihdam etmek, insan\u0131m\u0131z\u0131n yeteneklerinden, g\u00fcc\u00fcnden ve yarat\u0131c\u0131l\u0131\u011f\u0131ndan azami fayda sa\u011flamak; verimliliklerini art\u0131rmak, geli\u015fmelerine imkan tan\u0131mak ve i\u015fbirli\u011fi ve dayan\u0131\u015fman\u0131n yerald\u0131\u011f\u0131 bir \u00e7al\u0131\u015fma ortam\u0131 yaratmak, kurulu\u015fumuz\u2019 un devaml\u0131l\u0131\u011f\u0131n\u0131 sa\u011flamak i\u00e7in se\u00e7ti\u011fimiz yoldur.<\/p>\n<p>T\u00fcm ili\u015fkilerimizde kar\u015f\u0131l\u0131kl\u0131 yarar sa\u011flamak amac\u0131yla, iyi niyet ve anlay\u0131\u015fla davranmak, yasalara ve ahlak kurallar\u0131na daima uymak ilkemizdir. M\u00fc\u015fterilerimize ve \u00e7al\u0131\u015fanlar\u0131m\u0131za kar\u015f\u0131 sorumluluklar\u0131m\u0131z\u0131 yerine getirmek, \u00f6nc\u00fcs\u00fc oldu\u011fumuz ve vazge\u00e7emeyece\u011fimiz bir ba\u015fka temel ilkemizdir.<\/p>\n<p>T\u00fcrkiyede faaliyet g\u00f6sterdi\u011fi alanda k\u0131sa s\u00fcrede rekabet edebilen bir kurulu\u015f olmay\u0131 ba\u015faran\u00a0<strong>\u0130NNOVA MED\u0130KAL<\/strong>, standartlar\u0131n\u0131 da belgeleyerek, \u00e7al\u0131\u015fan\u0131, m\u00fc\u015fterisi ve tedarik\u00e7isi ile daha iyi olmak i\u00e7in \u00e7abas\u0131n\u0131 art\u0131rmaktad\u0131r.<\/p>\n<p><strong>\u0130lkelerimiz<\/strong><\/p>\n<ul>\n<li>D\u00fcr\u00fcstl\u00fck ve \u015feffafl\u0131k<\/li>\n<li>Rakiplerimiz ve payda\u015flar\u0131m\u0131zla olan ili\u015fkilerimizde adil tutum<\/li>\n<li>Taahh\u00fctlerimize ba\u011fl\u0131l\u0131k<\/li>\n<li>M\u00fclkiyete sayg\u0131<\/li>\n<li>\u0130yi bir kurulu\u015f olma<\/li>\n<li>En iyi sonu\u00e7lar\u0131 almak i\u00e7in t\u00fcm kapasitesi ve g\u00fcc\u00fcyle \u00e7al\u0131\u015fma<\/li>\n<\/ul>\n<p>[\/vc_column_text][\/vc_column][\/vc_row]<\/p>\n","protected":false},"excerpt":{"rendered":"<p>[vc_row row_content_width=&#8221;grid&#8221; css=&#8221;.vc_custom_1580799990707{padding-top: 60px !important;padding-bottom: 60px !important;}&#8221;][vc_column width=&#8221;1\/4&#8243; offset=&#8221;vc_hidden-sm vc_hidden-xs&#8221;][vc_column_text] \u0130nnova Medikal Hakk\u0131m\u0131zda Misyon ve Vizyon Markalar \u0130nsan Kaynaklar\u0131 [\/vc_column_text][vc_column_text] Teknik Servis Teknik Servis Garanti [\/vc_column_text][vc_column_text] S\u0131k Sorulan Sorular S\u0131k Sorulan Sorular [\/vc_column_text][\/vc_column][vc_column width=&#8221;3\/4&#8243;][vc_column_text]Kuruldu\u011fu g\u00fcnden bu yana medikal teknoloji d\u00fcnyas\u0131ndaki [&hellip;]<\/p>\n","protected":false},"author":1,"featured_media":0,"parent":0,"menu_order":0,"comment_status":"closed","ping_status":"closed","template":"full-width.php","meta":{"footnotes":""},"_links":{"self":[{"href":"https:\/\/www.innovamedikal.com.tr\/yeni\/wp-json\/wp\/v2\/pages\/4387"}],"collection":[{"href":"https:\/\/www.innovamedikal.com.tr\/yeni\/wp-json\/wp\/v2\/pages"}],"about":[{"href":"https:\/\/www.innovamedikal.com.tr\/yeni\/wp-json\/wp\/v2\/types\/page"}],"author":[{"embeddable":true,"href":"https:\/\/www.innovamedikal.com.tr\/yeni\/wp-json\/wp\/v2\/users\/1"}],"replies":[{"embeddable":true,"href":"https:\/\/www.innovamedikal.com.tr\/yeni\/wp-json\/wp\/v2\/comments?post=4387"}],"version-history":[{"count":4,"href":"https:\/\/www.innovamedikal.com.tr\/yeni\/wp-json\/wp\/v2\/pages\/4387\/revisions"}],"predecessor-version":[{"id":8875,"href":"https:\/\/www.innovamedikal.com.tr\/yeni\/wp-json\/wp\/v2\/pages\/4387\/revisions\/8875"}],"wp:attachment":[{"href":"https:\/\/www.innovamedikal.com.tr\/yeni\/wp-json\/wp\/v2\/media?parent=4387"}],"curies":[{"name":"wp","href":"https:\/\/api.w.org\/{rel}","templated":true}]}}